{"id":96,"date":"2024-06-15T13:00:04","date_gmt":"2024-06-15T13:00:04","guid":{"rendered":"https:\/\/saci.cesit.com.br\/?page_id=96"},"modified":"2025-10-29T19:07:38","modified_gmt":"2025-10-29T22:07:38","slug":"inscreva-se","status":"publish","type":"page","link":"https:\/\/saci.licomp.com.br\/?page_id=96","title":{"rendered":"Inscreva-se"},"content":{"rendered":"<div style=\"border:1px solid #ccc; border-radius:10px; padding:20px; max-width:500px; margin:30px auto; text-align:center; box-shadow:0 2px 6px rgba(0,0,0,0.1); font-family:Poppins, Arial, sans-serif;\">\n<h3 style=\"color:#006633; font-size:20px; margin-bottom:10px;\">SISTEMA DE INSCRI\u00c7\u00c3O<\/h3>\n<p style=\"color:#333; font-size:15px;\">Saiba mais e inscreva-se no evento.<\/p>\n<p>  <a href=\"https:\/\/www.even3.com.br\/xvii-simposio-amazonico-de-computacao-e-inovacao-saci-645203\/\" \n     target=\"_blank\" \n     style=\"display:inline-block; background-color:#006633; color:#fff; padding:10px 24px; border-radius:6px; text-decoration:none; font-weight:600;\"><br \/>\n     Realizar inscri\u00e7\u00e3o<br \/>\n  <\/a>\n<\/div>\n","protected":false},"excerpt":{"rendered":"<p>SISTEMA DE INSCRI\u00c7\u00c3O Saiba mais e inscreva-se no evento. Realizar inscri\u00e7\u00e3o<\/p>\n","protected":false},"author":1,"featured_media":0,"parent":0,"menu_order":0,"comment_status":"closed","ping_status":"closed","template":"elementor_header_footer","meta":{"footnotes":""},"class_list":["post-96","page","type-page","status-publish","hentry"],"_links":{"self":[{"href":"https:\/\/saci.licomp.com.br\/index.php?rest_route=\/wp\/v2\/pages\/96","targetHints":{"allow":["GET"]}}],"collection":[{"href":"https:\/\/saci.licomp.com.br\/index.php?rest_route=\/wp\/v2\/pages"}],"about":[{"href":"https:\/\/saci.licomp.com.br\/index.php?rest_route=\/wp\/v2\/types\/page"}],"author":[{"embeddable":true,"href":"https:\/\/saci.licomp.com.br\/index.php?rest_route=\/wp\/v2\/users\/1"}],"replies":[{"embeddable":true,"href":"https:\/\/saci.licomp.com.br\/index.php?rest_route=%2Fwp%2Fv2%2Fcomments&post=96"}],"version-history":[{"count":3,"href":"https:\/\/saci.licomp.com.br\/index.php?rest_route=\/wp\/v2\/pages\/96\/revisions"}],"predecessor-version":[{"id":1594,"href":"https:\/\/saci.licomp.com.br\/index.php?rest_route=\/wp\/v2\/pages\/96\/revisions\/1594"}],"wp:attachment":[{"href":"https:\/\/saci.licomp.com.br\/index.php?rest_route=%2Fwp%2Fv2%2Fmedia&parent=96"}],"curies":[{"name":"wp","href":"https:\/\/api.w.org\/{rel}","templated":true}]}}