{"id":320,"date":"2024-06-17T03:55:04","date_gmt":"2024-06-17T03:55:04","guid":{"rendered":"https:\/\/saci.cesit.com.br\/?page_id=320"},"modified":"2025-11-08T15:49:28","modified_gmt":"2025-11-08T18:49:28","slug":"programacao-geral","status":"publish","type":"page","link":"https:\/\/saci.licomp.com.br\/?page_id=320","title":{"rendered":"Programa\u00e7\u00e3o Geral"},"content":{"rendered":"\t\t<div data-elementor-type=\"wp-page\" data-elementor-id=\"320\" class=\"elementor elementor-320\">\n\t\t\t\t<div class=\"elementor-element elementor-element-35648c6 e-flex e-con-boxed e-con e-parent\" data-id=\"35648c6\" data-element_type=\"container\">\n\t\t\t\t\t<div class=\"e-con-inner\">\n\t\t\t\t<div class=\"elementor-element elementor-element-7ee5322 elementor-widget elementor-widget-text-editor\" data-id=\"7ee5322\" data-element_type=\"widget\" data-widget_type=\"text-editor.default\">\n\t\t\t\t<div class=\"elementor-widget-container\">\n\t\t\t\t\t\t\t\t\t<h3><span style=\"color: #800000;\"><strong>Programa\u00e7\u00e3o SACI 2025<\/strong><\/span><\/h3><div><span style=\"color: #800000;\"><strong>&#8211; &#8211; &#8211; &#8211; &#8211; &#8211; &#8211; &#8211; &#8211; &#8211; &#8211; &#8211; &#8211;<\/strong><\/span><\/div><h4><span style=\"color: #339966;\"><strong>Dia Uirapuru &#8211; 12\/11\/2025 (Quarta-feira)<\/strong><\/span><\/h4><h5><span style=\"color: #993300;\">Tarde &#8211; Local: CESIT\/UEA<\/span><\/h5><p><strong>14h \u00e0s 17h<\/strong> &#8211; Credenciamento (Lab Design Instrucional)<\/p><p>\u00a0<\/p><h5><span style=\"color: #993300;\">Noite &#8211; Local: Centro Cultural Velha Serpa<\/span><\/h5><p><strong>18h00 \u00e0s 18h30<\/strong>\u00a0&#8211; Sorteios<\/p><p><strong>18h30 \u00e0s 18h45<\/strong> &#8211; Momento cultural<\/p><p><strong>18h45 \u00e0s 19h30<\/strong> &#8211; Solenidade de abertura<\/p><p><strong>19h30 \u00e0s 20h30<\/strong> &#8211; Painel de abertura &#8220;Computa\u00e7\u00e3o, Educa\u00e7\u00e3o e Inova\u00e7\u00e3o na Amaz\u00f4nia frente \u00e0s Mudan\u00e7as Clim\u00e1ticas&#8221;<\/p><p><strong>20h30 \u00e0s 21h15<\/strong> &#8211; Apresenta\u00e7\u00e3o de artigos<\/p><ul><li><strong>DESVENDANDO CONCEITOS DE CI\u00caNCIA DA COMPUTA\u00c7\u00c3O COM CRIAN\u00c7AS: RELATO DE EXPERI\u00caNCIA COM ATIVIDADES DESPLUGADAS NO ENSINO FUNDAMENTAL I <\/strong><\/li><li>Robson Neves de Amorim (UEA); <span class=\"name\">Gleice Oliveira da Silva (UEA); <\/span>Genarde Macedo Trindade (UEA).<\/li><\/ul><ul><li><strong>ENTRE A TECNOLOGIA E A TRADI\u00c7\u00c3O: O APLICATIVO AIGO COMO FERRAMENTA DE INOVA\u00c7\u00c3O SOCIAL E SUSTENTABILIDADE NO CONTEXTO DE UMA COMUNIDADE IND\u00cdGENA URBANA<\/strong><\/li><li>Ana J\u00falia Fernandes de Sousa (IFAM\/CMZL); Fabiann Matthaus Dantas Barbosa (IFAM\/CMZL).<\/li><\/ul><ul><li><strong>INFLU\u00caNCIA DA CULTURA MAKER NO DESENVOLVIMENTO DE COMPET\u00caNCIAS EM LIDERAN\u00c7A EDUCACIONAL: UMA AN\u00c1LISE QUALITATIVA<\/strong><\/li><li>Genarde Macedo Trindade (UEA); Dayane Rosas de Souza Trindade (Est\u00e1cio de S\u00e1).<\/li><\/ul><p><strong>21h15 \u00e0s 22h<\/strong> &#8211; Coffee break e sorteio\u00a0<\/p><p>&#8211; &#8211; &#8211; &#8211; &#8211; &#8211; &#8211; &#8211; &#8211; &#8211; &#8211; &#8211; &#8211; &#8211; &#8211; &#8211; &#8211; &#8211; &#8211; &#8211; &#8211; &#8211; &#8211; &#8211;<\/p><h4><span style=\"color: #339966;\"><strong>Dia On\u00e7a-Pintada &#8211; 13\/11\/2025 (Quinta-feira)<\/strong><\/span><\/h4><h5><span style=\"color: #993300;\">Tarde &#8211; Local: CESIT\/UEA<\/span><\/h5><p><strong>14h \u00e0s 17h<\/strong> &#8211; Sess\u00e3o t\u00e9cnica (Sala 1)<\/p><ul><li><strong>A IMPORT\u00c2NCIA DA COOPERA\u00c7\u00c3O ENTRE ESTUDANTES PARA O DESENVOLVIMENTO DE HABILIDADES COGNITIVAS E SOCIAIS<\/strong><\/li><li>Neusione de Lima Corr\u00eaa (SEDUC-AM); Ruth Pereira de Oliveira\u00a0(FAMEESP).<\/li><\/ul><ul><li><strong>APRENDENDO A NAVEGAR: OFICINAS DE INCLUS\u00c3O DIGITAL PARA A EDUCA\u00c7\u00c3O DE JOVENS E ADULTOS NO INTERIOR DA AMAZ\u00d4NIA<\/strong><\/li><li>Izabel Cavalcante de Freitas (UEA); Jos\u00e9 Rhuan de Souza Bel\u00e9m (UEA); Genarde Macedo Trindade (UEA).\u00a0<\/li><\/ul><ul><li><strong>DISTRIBUI\u00c7\u00c3O ESPACIAL DAS \u00c1REAS VERDES URBANAS EM MAU\u00c9S-AM: UMA AN\u00c1LISE QUANTITATIVA E GEOESPACIAL<\/strong><\/li><li><span class=\"name\">Gliver Nunes Guimar\u00e3es de Souza (UEA); <\/span><span class=\"name\">Najara Priscila Batista Rebou\u00e7as (UEA); <\/span><span class=\"name\">Erique Dolzane da Silva (UEA);\u00a0<\/span><span class=\"name\">Jonison dos Santos Dias (UEA); <\/span><span class=\"name\">Elias Louren\u00e7o Vasconcelos Neto <\/span>(UEA).<\/li><\/ul><ul><li><strong>DO RIO \u00c0 REDE: METODOLOGIAS ATIVAS E CULTURA DIGITAL NA FORMA\u00c7\u00c3O DE MULHERES IND\u00cdGENAS EMPREENDEDORAS<\/strong><\/li><li>Vit\u00f3ria Bobot da Silva (IFAM); Giuliana Correa (IFAM); Ana J\u00falia Fernandes (IFAM); Fabiann Matthaus Dantas Barbosa (IFAM\/UFAM); David Washington Freitas Lima (IFAM).<\/li><\/ul><ul><li><strong>HIST\u00d3RIAS DE VIDA: UM CAMINHO PARA O LETRAMENTO E EMPODERAMENTO NA EDUCA\u00c7\u00c3O DE JOVENS E ADULTOS (EJA)<\/strong><\/li><li>Kellyane de Lima Caldas (UEA).<\/li><\/ul><ul><li><strong>MODELOS DE OTIMIZA\u00c7\u00c3O PARA LOCALIZA\u00c7\u00c3O DE UNIDADES B\u00c1SICAS DE SA\u00daDE: UM ESTUDO APLICADO EM ITACOATIARA<\/strong><\/li><li>Lidy Emanuelle Marinho Santos (UFAM); Hidelbrando Ferreira Rodrigues (UFAM).<\/li><\/ul><ul><li><strong>POTENCIALIZAR O ENSINO DE GEOMETRIA ATRAV\u00c9S DO SOFTWARE EDUCACIONAL S\u00d3LIDOS RA<\/strong><\/li><li>Luiz Andr\u00e9 Pontes de Lucena\u00a0(UFAM); Neuziete Gonzaga da Mota Arcos\u00a0(UFAM); Maria Rosilene Barroso dos Santos (UFAM).<\/li><\/ul><p><strong>\u00a0<\/strong><\/p><p><strong>14h \u00e0s 17h &#8211; <\/strong>Oficina Tecnologia e Natureza: Criando Solu\u00e7\u00f5es Sustent\u00e1veis com Micro:bit &#8211; Profa. Esp. Flaviana Lopes (Lab Maker)<\/p><p><strong>14h \u00e0s 17h &#8211; <\/strong>Oficina Comunica\u00e7\u00e3o assertiva &#8211; Esp. Elidiane Lamara (Sala 2)<\/p><p><strong>14h \u00e0s 17h &#8211; <\/strong>Minicurso Aprenda a desenvolver aplicativos com Intelig\u00eancia Artificial &#8211; Cursor AI &#8211; Acad\u00eamicos Andriw de Souza e Kau\u00ea Wallace Olimpio (Lab 1)<\/p><h5>\u00a0<\/h5><h5><span style=\"color: #993300;\">Noite &#8211; Local: Centro Cultural Velha Serpa<\/span><\/h5><p><strong>18h30 \u00e0s 18h45<\/strong> &#8211; Sorteios<\/p><p><strong>18h45 \u00e0s 19h<\/strong> &#8211; Momento cultural<\/p><p><strong>19h \u00e0s 20h30<\/strong> &#8211; Painel &#8220;Mulheres Amaz\u00f4nicas Tecendo Futuro Sustent\u00e1vel com Tecnologia&#8221;<\/p><p><strong>20h30 \u00e0s 21h15<\/strong> &#8211; Apresenta\u00e7\u00e3o de artigos<\/p><ul><li><strong>REALIDADE AUMENTADA E EDUCA\u00c7\u00c3O EM COMPUTA\u00c7\u00c3O: UMA EXPERI\u00caNCIA DID\u00c1TICA SOBRE QUEIMADAS NA AMAZ\u00d4NIA<\/strong><\/li><li>Giovanna Calado Bonilha (IFAM\/CMZL); Raquel Fran\u00e7a (IFAM\/CMZL); Bianca Ara\u00fajo (IFAM\/CMZL); J\u00falio Cesar R. Filho (IFAM\/CMZL); Fabiann Matthaus Barbosa (IFAM\/CMZL).<\/li><\/ul><ul><li><strong>SOFTWARE EDUCATIVO SCRATCH NO ENSINO DE MATEM\u00c1TICA E EDUCA\u00c7\u00c3O AMBIENTAL: A IMPORT\u00c2NCIA DA TECNOLOGIA DIGITAL COMO PR\u00c1TICA INCLUSIVA<\/strong><\/li><li>M\u00f4nica da Silva Santos Pereira (IFAM); Renildo Viana Azevedo (IFAM);\u00a0 Ian Santos Pereira (ICET\/UFAM).\u00a0<\/li><\/ul><ul><li><strong>TECENDO CONEX\u00d5ES NA AMAZ\u00d4NIA: FORMA\u00c7\u00c3O PROFISSIONAL E COMPET\u00caNCIAS DIGITAIS COM O LINKEDIN<\/strong><\/li><li><span class=\"name\">Giuliana Correa (IFAM);\u00a0<\/span><span class=\"name\">Hayssa Cunha (IFAM); <\/span><span class=\"name\">Fabiann Matthaus Barbosa <\/span>(IFAM\/UFAM).<\/li><\/ul><p><strong>21h15 \u00e0s 22h<\/strong> &#8211; Coffee break e sorteio\u00a0<\/p><p>&#8211; &#8211; &#8211; &#8211; &#8211; &#8211; &#8211; &#8211; &#8211; &#8211; &#8211; &#8211; &#8211; &#8211; &#8211; &#8211; &#8211; &#8211; &#8211; &#8211; &#8211; &#8211;<\/p><h4><span style=\"color: #339966;\"><strong>Dia Peixe-Boi &#8211; 14\/11\/2025 (Sexta-feira)<\/strong><\/span><\/h4><h5><span style=\"color: #993300;\">Tarde &#8211; Local: CESIT\/UEA<\/span><\/h5><p><strong>14h \u00e0s 17h<\/strong> &#8211; Maratona de programa\u00e7\u00e3o (Lab Design Instrucional)\u00a0<\/p><p><strong>14h \u00e0s 17h &#8211; <\/strong>Experi\u00eancia interativa\u00a0(Lab Maker)<\/p><p><strong>14h \u00e0s 17h &#8211; <\/strong>LinkedIn na pr\u00e1tica: presen\u00e7a no digital &#8211; Acad\u00eamicas Giuliana Ferreira Correa e Hayssa Cunha &#8211; IFAM\/CMZL (Lab 1)<\/p><p><strong>14h \u00e0s 17h &#8211; <\/strong>Design Criativo e Prototipagem no-code no Figma &#8211;\u00a0 Acad\u00eamico Manoel El\u00eddio de Almeida Sobrinho Neto &#8211; IFAM\/CMZL (Lab 2)<\/p><p><strong>14h \u00e0s 17h &#8211; <\/strong>Mostra de Trabalhos Acad\u00eamicos &#8211; Apresenta\u00e7\u00e3o dos resumos em banner (\u00c1rea verde)<\/p><p>\u00a0<\/p><h5><span style=\"color: #993300;\">Noite &#8211; Local: Centro Cultural Velha Serpa<\/span><\/h5><p><strong>18h30 \u00e0s 18h45<\/strong> &#8211; Sorteios<\/p><p><strong>18h45 \u00e0s 19h<\/strong> &#8211; Momento cultural<\/p><p><strong>19h \u00e0s 19h30 &#8211;<\/strong>Homenagem aos 20 anos do curso de Lic. em Computa\u00e7\u00e3o do CESIT\/UEA<\/p><p><strong>19h30 \u00e0s 21h<\/strong> &#8211; Painel de encerramento &#8220;Computa\u00e7\u00e3o na Forma\u00e7\u00e3o de Professores com Identidade e Diversidade Amaz\u00f4nica&#8221;<\/p><p><strong>21h \u00e0s 21h15<\/strong> &#8211; Premia\u00e7\u00f5es<\/p><p><strong>21h15 \u00e0s 22h<\/strong> &#8211; Coffee break e sorteio\u00a0<\/p>\t\t\t\t\t\t\t\t<\/div>\n\t\t\t\t<\/div>\n\t\t\t\t\t<\/div>\n\t\t\t\t<\/div>\n\t\t\t\t<\/div>\n\t\t","protected":false},"excerpt":{"rendered":"<p>Programa\u00e7\u00e3o SACI 2025 &#8211; &#8211; &#8211; &#8211; &#8211; &#8211; &#8211; &#8211; &#8211; &#8211; &#8211; &#8211; &#8211; Dia Uirapuru &#8211; 12\/11\/2025 (Quarta-feira) Tarde &#8211; Local: CESIT\/UEA 14h \u00e0s 17h &#8211; Credenciamento (Lab Design Instrucional) \u00a0 Noite &#8211; Local: Centro Cultural Velha Serpa 18h00 \u00e0s 18h30\u00a0&#8211; Sorteios 18h30 \u00e0s 18h45 &#8211; Momento cultural 18h45 \u00e0s 19h30 &#8211; [&hellip;]<\/p>\n","protected":false},"author":1,"featured_media":0,"parent":0,"menu_order":0,"comment_status":"closed","ping_status":"closed","template":"elementor_header_footer","meta":{"footnotes":""},"class_list":["post-320","page","type-page","status-publish","hentry"],"_links":{"self":[{"href":"https:\/\/saci.licomp.com.br\/index.php?rest_route=\/wp\/v2\/pages\/320","targetHints":{"allow":["GET"]}}],"collection":[{"href":"https:\/\/saci.licomp.com.br\/index.php?rest_route=\/wp\/v2\/pages"}],"about":[{"href":"https:\/\/saci.licomp.com.br\/index.php?rest_route=\/wp\/v2\/types\/page"}],"author":[{"embeddable":true,"href":"https:\/\/saci.licomp.com.br\/index.php?rest_route=\/wp\/v2\/users\/1"}],"replies":[{"embeddable":true,"href":"https:\/\/saci.licomp.com.br\/index.php?rest_route=%2Fwp%2Fv2%2Fcomments&post=320"}],"version-history":[{"count":48,"href":"https:\/\/saci.licomp.com.br\/index.php?rest_route=\/wp\/v2\/pages\/320\/revisions"}],"predecessor-version":[{"id":1634,"href":"https:\/\/saci.licomp.com.br\/index.php?rest_route=\/wp\/v2\/pages\/320\/revisions\/1634"}],"wp:attachment":[{"href":"https:\/\/saci.licomp.com.br\/index.php?rest_route=%2Fwp%2Fv2%2Fmedia&parent=320"}],"curies":[{"name":"wp","href":"https:\/\/api.w.org\/{rel}","templated":true}]}}